be t(9). Let g be (-1 - 0)/(2/(-14)). Calculate the greatest common divisor of g and w.
7
Let o(a) = 4*a**2 - 4*a - 17. Let r be o(-4). Let y = 1 - -2. Suppose 0*g + 27 = y*g. Calculate the greatest common divisor of r and g.
9
Let s(n) = -4*n + 8 + 1 - 9. Let t be s(-2). Calculate the greatest common factor of t and 16.
8
Suppose 0*h = 4*h - 5*o + 36, h + 9 = -5*o. Let w = 3 - h. What is the highest common factor of w and 12?
12
Let n = 7 - 5. Suppose -3*t = n*t + v - 32, 2*v + 41 = 5*t. Let u = t + 3. What is the greatest common factor of u and 50?
10
Suppose -4*o + 0 + 4 = 0. Suppose 4*v = -5*x + v + 13, -2*v = -3*x + 23. Suppose -x*z = -4 - o. Calculate the greatest common divisor of z and 1.
1
Let w(o) = -6*o - 7. Suppose 0 = 2*f - 0*x + 2*x + 14, -5*x - 20 = 0. Let a be w(f). Let q be 3*(0 + (-11)/(-3)). What is the highest common factor of a and q?
11
Let g be (4/(-10))/(4/460). Let y = 73 + g. Calculate the highest common factor of 18 and y.
9
Let q(l) = l**2 + 26*l + 32. Let n be q(-25). What is the greatest common divisor of n and 3?
1
Suppose 2*u = 6 - 4. Let v be (u + -3)*(-2 - 0). Suppose 3*n - 244 = -5*m + n, 0 = -v*m + 5*n + 182. Calculate the highest common divisor of m and 12.
12
Suppose 4*d = -2*n + 8, 0*n - n = -3*d + 1. Suppose 5*a + 0*x = 2*x + 39, -5*a = n*x - 31. Calculate the highest common factor of a and 14.
7
Let q(g) = -4*g**3 - 3*g**2 - 4*g - 2. Let d be q(-1). What is the greatest common factor of 6 and d?
3
Let i = -20 + 41. Calculate the greatest common factor of i and 105.
21
Let m(l) = -l**2 - 10*l - 14. Let d be m(-8). Let x(t) = t**2 - 2*t. Let w be x(3). What is the highest common factor of d and w?
1
Let d(s) = -s**2 + 11*s - 14. Let r be d(10). Let x be r - (-2)/4*14. What is the highest common factor of 18 and x?
3
Let c = 1 - 1. Suppose 2*g + 0*h = 5*h + 39, -4*g + 4*h + 108 = c. Calculate the greatest common factor of 4 and g.
4
Let g(q) = -2*q**2 - 13*q + 3. Let h be g(-6). What is the highest common divisor of 9 and h?
9
Let p = 37 + 17. Calculate the greatest common divisor of 81 and p.
27
Suppose s + 7 = -2*v + 23, -3*v = -3. What is the greatest common factor of 1 and s?
1
Suppose 24*i - 341 = -221. Let u(m) = -12*m - 5. Let s be u(-5). What is the highest common divisor of i and s?
5
Let i(j) = 9*j + 10. Let n be i(2). Calculate the highest common factor of n and 70.
14
Let f(x) be the first derivative of -x**3/3 - 4*x**2 - 4*x - 4. Let c be f(-5). What is the greatest common factor of 22 and c?
11
Suppose 6*d - 2*d = -40. Let w = d + 20. What is the highest common factor of w and 110?
10
Suppose -2*u = -3*x + 2*u + 177, 3*u - 198 = -3*x. Let k be 3 - (-6)/(-9)*-9. What is the greatest common divisor of x and k?
9
Suppose 3*r - 3 = -3*b, 4*b + b = -2*r - 1. Let i be (-24)/(((-3)/r)/1). What is the highest common factor of 64 and i?
16
Let s = -95 - -163. Calculate the greatest common divisor of s and 17.
17
Let k = -19 - -11. Let h be (-21)/(-12) - 2/k. Let x = h - -3. What is the highest common factor of 35 and x?
5
Let k = 148 - -5. Calculate the highest common factor of k and 17.
17
Let k = 0 - -4. Suppose -k*r + 25 + 31 = 0. Calculate the greatest common factor of 42 and r.
14
Suppose 4*q + 0*u + 3*u = 125, -15 = -5*u. Suppose 0*a + 8 = -4*a. Let p be q - a*2/(-4). Calculate the greatest common divisor of p and 4.
4
Suppose 20 = 2*m - 40. What is the greatest common factor of m and 40?
10
Suppose 0 = 4*q - 4*t - 132, 2 = -2*t - 8. Let v be (-78)/(-21) - (-2)/7. Calculate the greatest common factor of q and v.
4
Suppose f - 4*r = 3*f - 454, 5*f = -5*r + 1130. Calculate the greatest common factor of 90 and f.
45
Let i be ((-3)/(-3))/((-2)/(-16)). What is the greatest common divisor of 2 and i?
2
Suppose -5*i - 3*r + 72 + 58 = 0, -3*i = 3*r - 78. Let j be 2 - (1 - i/2). Let w = 26 - j. Calculate the highest common divisor of 84 and w.
12
Let u be -2 - -128 - (0/3 + 0). Calculate the highest common factor of 14 and u.
14
Suppose 0 = 3*c - 4*c + 168. Calculate the greatest common divisor of 21 and c.
21
Suppose 30 = i + 2*z + z, -110 = -5*i + 5*z. Calculate the highest common divisor of 16 and i.
8
Let w(r) = -3*r - 7. Let x be w(-6). Calculate the highest common factor of 88 and x.
11
Suppose -25 + 95 = -5*m. Let s be 8/28 + 4/m. Suppose -5*t + s*t - 4*y + 95 = 0, 5*y - 95 = -5*t. Calculate the highest common divisor of 171 and t.
19
Suppose 35 = 5*u + 2*j, 2*u = -4*j + 21 + 9. What is the greatest common divisor of 5 and u?
5
Suppose -67 = 5*c + 228. Let k = c - -95. Calculate the highest common divisor of k and 24.
12
Suppose -k + 0*k - 5*n = 21, 0 = 3*k + 4*n + 8. What is the highest common divisor of 10 and k?
2
Let t = 16 + 28. Let d = 8 + -6. Suppose u - 2 = d. What is the greatest common factor of t and u?
4
Let g(y) = y**3 + y**2 + y + 171. Let n be g(0). Suppose 12 = 4*v, 5*v = -5*l + 4*v + 98. What is the greatest common divisor of n and l?
19
Let p be (21/(-4))/(6/(-24)). Let o be -3 + 8/12*p. Let i be 1/2 - 21/(-2). What is the highest common factor of o and i?
11
Suppose 3*p - 4*p + 14 = 0. Let v(h) = -h**2 + 10*h + 15. Let c be v(11). Suppose -3*j = -164 - c. What is the greatest common divisor of p and j?
14
Let b be -1 - (-1 - (-2 + 2)). Suppose 5*u + 3*a = -135, -4*u - 5*a - 92 = 29. Let x be (-1)/(b - (-2)/u). Calculate the greatest common factor of x and 120.
12
Let v be (-1 + -5)/((-13)/156). Let h = 43 - 34. What is the greatest common factor of v and h?
9
Let l be -8*-2*2/8. Let k be (6/7)/(l/(-28)). Let u = 4 - k. What is the greatest common factor of 25 and u?
5
Let y(a) be the third derivative of -a**4/12 + 2*a**3/3 + 4*a**2. Let c be y(-8). Let m = 30 - c. Calculate the greatest common divisor of m and 2.
2
Suppose 4*q = 20, 4*b = 2*b + 3*q - 5. Let l be (544/7)/8 - (-2)/7. Calculate the highest common factor of b and l.
5
Let m = -5 - -10. Suppose 27 = m*i + 2. What is the greatest common factor of 2 and i?
1
Let z(s) = 3*s**2 - 3*s + 9. Let f be z(4). Calculate the highest common divisor of 5 and f.
5
Let i be 2 + 0 - (-1000)/25. What is the highest common factor of 105 and i?
21
Suppose -2*n - 22 = 32. Let c(h) = -h**3 - 8*h**2 - 13*h - 13. Let r be c(-7). Let f = r - n. What is the greatest common divisor of 7 and f?
7
Let q = -505 + 791. What is the highest common divisor of 26 and q?
26
Let l(u) = -u**2 + 18*u - 17. Let p be l(13). Calculate the highest common factor of p and 12.
12
Suppose 0 = 3*m + 5*y - 52, -4*m + 132 = m - 3*y. Let s = 48 - m. What is the highest common factor of 48 and s?
24
Let f(s) = 2*s**2 + 9*s - 1. Let n be f(-5). Let v = -21 - -41. What is the highest common divisor of n and v?
4
Let a be 38*2/(3 - -1). Let h(p) = 172*p - 1. Let u be h(1). What is the highest common factor of u and a?
19
Let r = 5 - 5. Let d = r - -15. What is the highest common factor of d and 135?
15
Let m = -7 + 61. Calculate the highest common divisor of m and 9.
9
Let d(r) be the first derivative of r**4/4 - 2*r**3 + 5*r**2/2 + 5*r - 2. Let f be d(5). What is the highest common factor of 55 and f?
5
Let u be ((-2)/(-1))/(-2 - 0) + 37. Calculate the highest common divisor of u and 18.
18
Suppose 2*l + 14 = 90. Let n = 15 + -11. Suppose -n*m + 2*k + 392 = 6*k, 276 = 3*m - 3*k. What is the greatest common divisor of l and m?
19
Let k be 47 + 3 + (1 - -1). Let a be 21/(-28) - (-55)/4. What is the greatest common divisor of a and k?
13
Let c be (-3 + 36)*30/9. Suppose 0 = 8*u - 30 - 50. What is the greatest common factor of u and c?
10
Let m be (-1)/(-2) - (-5)/2. Suppose -12 = m*f - f. Let g = 10 + f. What is the greatest common factor of g and 4?
4
Let k = -28 + 29. Calculate the highest common factor of k and 11.
1
Let z = 352 - 248. Calculate the highest common divisor of 13 and z.
13
Let w be 84/15*(3 - (-78)/4). What is the greatest common divisor of 18 and w?
18
Suppose -33 = -4*x + i - 6*i, 0 = 2*x - 5*i - 9. Suppose 0 = -3*w, 4*w - w = 2*a - 14. Calculate the greatest common divisor of a and x.
7
Let m = 27 + -6. Calculate the greatest common factor of 3 and m.
3
Let u(g) = 12*g**3 - 2*g**2 - g + 2. Let m be u(2). Suppose -3*l + 2*l = -m. Let v be ((-8)/(-1))/(-4 + 5). What is the greatest common divisor of l and v?
8
Let f = 4 - 0. Suppose 2 + f = h. Calcu